/g).
3, 5
Let g(q) = -q**3 + q**2 - q. Let b(y) = 5*y**3 - 3*y**2. Let u(r) = b(r) + 2*g(r). Let n be u(2). Let z = -7 + n. What are the prime factors of z?
3
Let y(m) = 4*m - 21. Let u = 40 + -26. List the prime factors of y(u).
5, 7
Let m(b) = -b**2 + 14*b + 3. Let t be m(14). What are the prime factors of (2 + t)*(5 + -1)?
2, 5
Suppose -2*g = 2*q - 15 - 11, -g = -q + 5. Let r(s) = -6*s**3 + 2*s + 1. Let p be r(-1). Suppose q = p*d - 2*d. List the prime factors of d.
3
Let i be -2 - -4*(-14)/(-4). Suppose -5*w - 2*b = 1, i + 6 = 3*w - 5*b. What are the prime factors of (w - (-4)/(-1))*-1?
3
Let n = 5 - 6. What are the prime factors of 18/(-1)*(n + 0)?
2, 3
Let u(r) be the third derivative of r**5/12 + r**4/6 - 4*r**3/3 + r**2. Let w(o) = o**2 - o + 1. Let i(p) = -u(p) + 4*w(p). List the prime factors of i(-9).
3
Suppose 0 = a - 3*a - 120. What are the prime factors of (1/2)/((-2)/a)?
3, 5
Suppose -2*v = 5*c + 2*v - 145, 5*c + v = 130. Let p = c + -15. List the prime factors of p.
2, 5
Suppose m - 9 = 3*m - 5*j, 0 = 3*m - 3*j. Suppose 4*l - z - 133 = -0*z, -m*z + 9 = 0. What are the prime factors of l?
2, 17
Let f = 19 + 14. List the prime factors of f.
3, 11
Suppose -168 = -3*y - 15. List the prime factors of y.
3, 17
Let j be 5/20 - (-134)/8. Let g = j + -5. Suppose g = 4*k - k. What are the prime factors of k?
2
Let h(p) = -p**2 + 3*p + 9*p + 0*p + 1 - p. List the prime factors of h(10).
11
Let k = -26 + -6. Let y = 50 + k. What are the prime factors of y?
2, 3
Suppose 5*g - 4*w - 135 = -3*w, -w = -g + 31. List the prime factors of g.
2, 13
Let c(p) = p**3 + 5*p**2 - 3*p - 4. Let a be c(-5). Suppose 4*h = 3*h + a. Suppose 1 = 4*f - h. List the prime factors of f.
3
Let v = -36 - -26. Suppose 0 = 13*a - 8*a - 15. What are the prime factors of (v/3)/(-2)*a?
5
Let z = 14 + 9. List the prime factors of -10*(z/(-5) + 3).
2
Let r = 0 + 0. Suppose 5*m = -r*m + 40. Let v = m + -6. List the prime factors of v.
2
Let l(c) = -4*c + 2. List the prime factors of l(-4).
2, 3
Let a be ((-3)/9)/1*-6. Suppose -a*d = -15 - 3. What are the prime factors of d?
3
Let x(c) = 2*c**2 - c - 3. Let m be x(-4). Let w = -20 + m. Suppose -w + 37 = 2*p. What are the prime factors of p?
2, 3
Let g(y) = -10*y**3 - y**2 - y + 2. Let l be g(-2). List the prime factors of ((-1)/2)/((-5)/l).
2
Suppose 477 = 7*c - 1091. List the prime factors of c.
2, 7
Suppose 3*o - n = o + 8, 5*o - 17 = 4*n. Suppose o*c - 4 = c + 4*y, 4 = 2*c - 4*y. Let q = 9 + c. What are the prime factors of q?
3
Let x = 19 + -16. Suppose p = -x*p + 108. List the prime factors of p.
3
Suppose -5 - 39 = -4*f. Let r = f - -4. List the prime factors of r.
3, 5
Suppose -233 = -5*w + 2*m, 0*m + 5*m = -5*w + 205. List the prime factors of w.
3, 5
Let c = -7 - -1. Let m = c + 18. What are the prime factors of m?
2, 3
Suppose 0 = l + 2 + 2. Let r = l - -7. List the prime factors of r.
3
What are the prime factors of (-160)/6*6/(-5)?
2
Suppose 0 = 8*t - 3*t - 10. Suppose y - t*y - x = -45, y - 5*x - 39 = 0. List the prime factors of y.
2, 11
Suppose -c = -3*c + 38. Let x = c - 13. List the prime factors of x.
2, 3
Let o = 52 + -28. Suppose 2*b - o = m, -5*b + 4*m + 57 = -0*m. What are the prime factors of b?
13
Let z(d) = -3*d**3 - 1. Let h(m) = -m + 7. Let v be h(6). Let k be z(v). Let p(b) = -b**3 - 2*b**2 + 4*b - 4. List the prime factors of p(k).
2, 3
Let d be ((-4)/3 - 2)*-3. List the prime factors of ((-4)/d)/(1/(-5)).
2
Let a = -21 - -114. What are the prime factors of a?
3, 31
Let c(v) = v**2 - 1. Let n(x) = 3*x**2 - 5*x - 8. Let z(f) = -4*c(f) + n(f). Let o be z(-4). Suppose q - 10 = -o. List the prime factors of q.
2, 5
Let f(d) be the third derivative of -d**5/30 - d**4/12 - d**3/6 + d**2. Let m be f(-1). List the prime factors of 0/2 + (9 - m).
2, 5
Let j(f) = 4*f + 3. Let u be j(-7). Let t = u + 41. What are the prime factors of t?
2
Let k(l) = -2 + l**2 + 6 + 4*l + 2*l. Let j be k(-6). Suppose 2*p = -o + 6 + 6, -2*p = -j*o + 8. What are the prime factors of p?
2
Suppose -2*n = -0*n - 118. Let x = -35 + n. What are the prime factors of x?
2, 3
Let z(g) = 2*g**2 + 9*g - 7 - 17*g - 3*g**2. Let i be z(-5). Let b = -6 + i. What are the prime factors of b?
2
Let n(d) = 2*d - 4. Let k be n(3). Suppose k*j = -0*j + 4. Suppose -2*x + 30 = 2*c, 2*x + 3*x = 2*c - j. What are the prime factors of c?
11
Let u = 21 + -11. Let n be (6 + 0)/(2 - 1). Suppose 4*q - u = n. What are the prime factors of q?
2
What are the prime factors of (-4)/10 + (-3)/(30/(-284))?
2, 7
Suppose -3*q + 6 = -3*f, -3*f + 2*q + 2 = f. Let b(o) = -o**2 + 4*o - 1. What are the prime factors of b(f)?
2
Suppose 0 - 28 = -4*r. Let v = 5 + -4. List the prime factors of (r/1 - v)/1.
2, 3
Let o = -56 - -101. What are the prime factors of o?
3, 5
Suppose 5*b + 10 = -3*u, b + 0*b = 2*u + 11. What are the prime factors of 1 - ((2 - 15) + b)?
13
Suppose -20 = -5*w, 2*h + 3*w = h + 15. Let q(i) = -i**3 + 4*i**2 + 3*i - 4. List the prime factors of q(h).
2, 7
Let c(k) = 15*k**2 + k - 2. Let n(w) = 7*w**2 - 1. Let x(q) = -4*c(q) + 9*n(q). What are the prime factors of x(4)?
31
Suppose g = 6*g - 20. Suppose 1 = 4*r + i - 27, -i + g = 0. List the prime factors of ((-4)/r)/(4/(-18)).
3
Let i = 9 + 1. Suppose -4 + i = 5*p + 3*w, 0 = 3*p - 5*w - 24. What are the prime factors of p?
3
Suppose -4*g - 314 = -4*n + 282, -301 = -2*n + g. What are the prime factors of n?
2, 19
Suppose -2*r - a + 20 = 2*a, 2*a = -r + 12. Let o = r - -2. List the prime factors of o.
2, 3
Let x(h) = -h**3 + 15*h**2 - 11*h - 10. Suppose 8*n - 70 = 3*n. What are the prime factors of x(n)?
2
Let z = -17 - -15. List the prime factors of (41/z)/((-3)/6).
41
Let t be 3 - (-10)/4*2. Let g = -4 + 6. Let f = g + t. List the prime factors of f.
2, 5
Let m(w) = 2*w + 3. Let s be m(3). What are the prime factors of 276/s + (-1)/(-3)?
31
Suppose -22 = f - 5*z, -3*f + 0*f + 2*z = 1. Suppose -f*y - 4*p + p = -93, -2*y = -5*p - 69. List the prime factors of y.
2
Suppose -f = 2 + 1. What are the prime factors of 2 + 0/f + 2?
2
Let s(g) = g**2 - 11*g - 5. Let i be s(10). Suppose 2*b = 5*n - 28, n - 37 = 5*b + 5*n. Let p = b - i. What are the prime factors of p?
2, 3
Let h(g) = -g + 4. Let l be h(5). List the prime factors of 5 - (-2 + (-1 - l)).
7
Let q(p) be the third derivative of -p**4/24 + p**3/3 - 3*p**2. Let t be q(8). Let d = t + 10. List the prime factors of d.
2
Let f(j) = -j**2 + 9*j - 9. List the prime factors of f(6).
3
Suppose -x + 5 + 0 = 3*i, -10 = 4*x - 3*i. Let j be 10*x/(-3)*3. Suppose 20 = 3*s - s - 4*g, j = 5*g. List the prime factors of s.
2, 7
Suppose -3*l = -3*p - 7*l + 47, -4*l - 100 = -4*p. What are the prime factors of p?
3, 7
What are the prime factors of 35 + -1 - (-4 - -5)*-1?
5, 7
Suppose 0 = -9*b + 4*b + 50. Suppose 0 = -2*q - 3*q + b. What are the prime factors of q?
2
Let a = -3 + 5. Suppose -4*r = -a*r - 4. What are the prime factors of r?
2
Let n(t) = t**3 + 10*t**2 + t + 10. Let q be n(-10). Suppose q = -2*d - 2*r + 66, 3*d - 78 = d + r. List the prime factors of d.
37
Let o = -1 + 2. What are the prime factors of o/(-2)*80/(-5)?
2
Suppose -5*b - 13 = k + 36, -k = -3*b - 31. Let g = b - -15. What are the prime factors of g?
5
Suppose 3*o - o = 24. Suppose o = 5*n + 2. Suppose 3*y + 2*q - 31 = 0, 36 = 3*y + n*q + q. List the prime factors of y.
7
Let o = -4 + 11. Suppose 3*t - o = m, -17 = -m - 4*t - 3. Let v = 4 + m. What are the prime factors of v?
2, 3
Suppose 0 = -4*u - 4*a + 488, -2*a = 10*u - 6*u - 486. List the prime factors of u.
11
Let r = 21 - 34. Let n = r + 49. Suppose -i + 5 = 3*g - 14, 4*i + 2*g = n. What are the prime factors of i?
7
Suppose 3*d - 1098 = 3*t, -3*d = -d + 4*t - 750. What are the prime factors of d/(-6)*(-4)/6?
41
Let v = -3 - -28. Let c = v - 15. List the prime factors of c.
2, 5
Let j = -51 + 103. Suppose 4*f + 5*z = 66, -4*f + 2*z + 0*z = -j. List the prime factors of f.
2, 7
Let o(p) = -p**2 - p + 2. Let u be o(2). Let l = u + 2. Let z(b) = -2*b**3 - 3*b**2 + 2. What are the prime factors of z(l)?
2, 3
Let w = 40 - 18. Let j be 28/8 + (-2)/4. Suppose 0 = m - j*m + w. What are the prime factors of m?
11
Suppose 2*k + 2*k + q = 124, -4*k = 2*q - 128. Let j be 1 + -1 + (0/(-6) - -4). Suppose 26 = 2*z - j*y, 3*z + 3*y = -0*z + k. What